{"id":1085,"date":"2024-10-02T08:27:56","date_gmt":"2024-10-02T06:27:56","guid":{"rendered":"https:\/\/afamassociation.fr\/?page_id=1085"},"modified":"2025-11-28T12:11:36","modified_gmt":"2025-11-28T11:11:36","slug":"2024-chalon-sur-saone","status":"publish","type":"page","link":"https:\/\/afamassociation.fr\/index.php\/journees\/2024-chalon-sur-saone\/","title":{"rendered":"2024 &#8211; Chalon-sur-Sa\u00f4ne"},"content":{"rendered":"\n<h1 class=\"wp-block-heading has-luminous-vivid-orange-color has-text-color has-link-color wp-elements-4ed9c9332bee75b696f0af996620925a\">XLIV<sup>e<\/sup> Journ\u00e9es internationales d&rsquo;arch\u00e9ologie m\u00e9rovingienne<\/h1>\n\n\n\n<h3 class=\"wp-block-heading has-luminous-vivid-orange-color has-text-color has-link-color wp-elements-a581fd267449b1c32d963445977c6b09\">Espaces et modes de vie, marqueurs arch\u00e9ologiques de distinction sociale au d\u00e9but du Moyen \u00c2ge (V<sup>e<\/sup>-IX<sup>e<\/sup> si\u00e8cle)<\/h3>\n\n\n\n<h4 class=\"wp-block-heading has-luminous-vivid-orange-color has-text-color has-link-color wp-elements-5bf71fce418cecfd4c4e3e9b120c8e76\">Chalon-sur-Sa\u00f4ne, 26-28 septembre 2024<\/h4>\n\n\n\n<p>Programme complet : <a href=\"http:\/\/afamassociation.fr\/wp-content\/uploads\/2024\/07\/AFAM-programme-2024-1.pdf\" target=\"_blank\" rel=\"noreferrer noopener\">AFAM &#8211; 44<sup>e<\/sup> Journ\u00e9es<\/a><\/p>\n\n\n\n<h4 class=\"wp-block-heading has-luminous-vivid-orange-color has-text-color has-link-color wp-elements-9214723f40f0def9ad37f2289e200301\">Journ\u00e9es th\u00e9matiques (26-27 septembre 2024)<\/h4>\n\n\n\n<p>Les deux premi\u00e8res journ\u00e9es auront pour th\u00e8me les espaces et modes de vie en tant que marqueurs arch\u00e9ologiques de distinction sociale du V<sup>e<\/sup> au IX<sup>e<\/sup> si\u00e8cle.<\/p>\n\n\n\n<p>Au cours de celles-ci, les intervenants interrogeront les marqueurs qui am\u00e8nent les arch\u00e9ologues \u00e0 distinguer diff\u00e9rents groupes sociaux et niveaux de richesse (en identifiant certains comme \u00abprivil\u00e9gi\u00e9s\u00bb), en milieu urbain comme en milieu rural, et dans les situations les plus vari\u00e9es (en contexte la\u00efc ou religieux, d\u2019habitat ou d\u2019activit\u00e9 humaine, fun\u00e9raire\u2026) : sitologie, types de structures d&rsquo;habitat, techniques et mat\u00e9riaux de construction, structures fun\u00e9raires ou pr\u00e9sence d\u2019un mobilier particulier, etc. <br>La pr\u00e9sentation et la confrontation de ces observations devraient permettre, en pr\u00e9cisant les contextes, de mieux \u00e9valuer la pertinence des indices retenus. <br>La chronologie propos\u00e9e, qui court du V<sup>e<\/sup> au IX<sup>e<\/sup> si\u00e8cle, devrait permettre de suivre l\u2019\u00e9volution de ces rep\u00e8res, entre la fin du monde romain et la mise en place progressive des soci\u00e9t\u00e9s m\u00e9di\u00e9vales, avant le plein \u00e9panouissement de la f\u00e9odalit\u00e9.<\/p>\n\n\n\n<h4 class=\"wp-block-heading has-luminous-vivid-orange-color has-text-color has-link-color wp-elements-881f29ec9aebdde8c8a0341654fe205f\">Journ\u00e9e d&rsquo;actualit\u00e9 (28 septembre 2024)<\/h4>\n\n\n\n<p>Les 44<sup>e<\/sup> Journ\u00e9es de l&rsquo;AFAM de Chalon offrent l&rsquo;occasion de proposer une pr\u00e9sentation renouvel\u00e9e de l&rsquo;\u00e9tat des connaissances en Sa\u00f4ne-et-Loire.<\/p>\n","protected":false},"excerpt":{"rendered":"<p>XLIVe Journ\u00e9es internationales d&rsquo;arch\u00e9ologie m\u00e9rovingienne Espaces et modes de vie, marqueurs arch\u00e9ologiques de distinction sociale au d\u00e9but du Moyen \u00c2ge (Ve-IXe si\u00e8cle) Chalon-sur-Sa\u00f4ne, 26-28 septembre 2024 Programme complet : AFAM&hellip;<\/p>\n","protected":false},"author":2,"featured_media":990,"parent":40,"menu_order":0,"comment_status":"closed","ping_status":"closed","template":"","meta":{"footnotes":""},"class_list":["post-1085","page","type-page","status-publish","has-post-thumbnail","hentry"],"jetpack_sharing_enabled":true,"_links":{"self":[{"href":"https:\/\/afamassociation.fr\/index.php\/wp-json\/wp\/v2\/pages\/1085","targetHints":{"allow":["GET"]}}],"collection":[{"href":"https:\/\/afamassociation.fr\/index.php\/wp-json\/wp\/v2\/pages"}],"about":[{"href":"https:\/\/afamassociation.fr\/index.php\/wp-json\/wp\/v2\/types\/page"}],"author":[{"embeddable":true,"href":"https:\/\/afamassociation.fr\/index.php\/wp-json\/wp\/v2\/users\/2"}],"replies":[{"embeddable":true,"href":"https:\/\/afamassociation.fr\/index.php\/wp-json\/wp\/v2\/comments?post=1085"}],"version-history":[{"count":6,"href":"https:\/\/afamassociation.fr\/index.php\/wp-json\/wp\/v2\/pages\/1085\/revisions"}],"predecessor-version":[{"id":1228,"href":"https:\/\/afamassociation.fr\/index.php\/wp-json\/wp\/v2\/pages\/1085\/revisions\/1228"}],"up":[{"embeddable":true,"href":"https:\/\/afamassociation.fr\/index.php\/wp-json\/wp\/v2\/pages\/40"}],"wp:featuredmedia":[{"embeddable":true,"href":"https:\/\/afamassociation.fr\/index.php\/wp-json\/wp\/v2\/media\/990"}],"wp:attachment":[{"href":"https:\/\/afamassociation.fr\/index.php\/wp-json\/wp\/v2\/media?parent=1085"}],"curies":[{"name":"wp","href":"https:\/\/api.w.org\/{rel}","templated":true}]}}