{"id":1229,"date":"2025-11-28T12:24:08","date_gmt":"2025-11-28T11:24:08","guid":{"rendered":"https:\/\/afamassociation.fr\/?page_id=1229"},"modified":"2025-11-28T12:32:30","modified_gmt":"2025-11-28T11:32:30","slug":"2023-liege","status":"publish","type":"page","link":"https:\/\/afamassociation.fr\/index.php\/2023-liege\/","title":{"rendered":"2023 &#8211; Li\u00e8ge"},"content":{"rendered":"\n<figure class=\"wp-block-image size-large\"><img loading=\"lazy\" decoding=\"async\" width=\"1024\" height=\"455\" src=\"http:\/\/afamassociation.fr\/wp-content\/uploads\/2025\/11\/ACT_10_-1024x455.jpg\" alt=\"\" class=\"wp-image-1236\" srcset=\"https:\/\/afamassociation.fr\/wp-content\/uploads\/2025\/11\/ACT_10_-1024x455.jpg 1024w, https:\/\/afamassociation.fr\/wp-content\/uploads\/2025\/11\/ACT_10_-300x133.jpg 300w, https:\/\/afamassociation.fr\/wp-content\/uploads\/2025\/11\/ACT_10_-768x341.jpg 768w, https:\/\/afamassociation.fr\/wp-content\/uploads\/2025\/11\/ACT_10_.jpg 1132w\" sizes=\"auto, (max-width: 1024px) 100vw, 1024px\" \/><\/figure>\n\n\n\n<h1 class=\"wp-block-heading has-luminous-vivid-orange-color has-text-color has-link-color wp-elements-f2e05794382687c548fc03afdc1a4f95\">XLIV<sup>e<\/sup> Journ\u00e9es internationales d\u2019arch\u00e9ologie m\u00e9rovingienne<\/h1>\n\n\n\n<h2 class=\"wp-block-heading has-luminous-vivid-orange-color has-text-color\">L\u2019objet m\u00e9rovingien&nbsp;: de sa fabrication \u00e0 sa (re-)d\u00e9couverte<\/h2>\n\n\n\n<h4 class=\"wp-block-heading has-luminous-vivid-orange-color has-text-color\">Li\u00e8ge (Belgique) \u2013 jeudi 5 au samedi 7 octobre 2023<\/h4>\n\n\n\n<p>organis\u00e9es par l\u2019AFAM, l\u2019Agence wallonne du Patrimoine (AWaP) et l\u2019Universit\u00e9 de Li\u00e8ge (ULi\u00e8ge) avec la collaboration de l\u2019UCLouvain<\/p>\n\n\n\n<p class=\"has-luminous-vivid-orange-color has-text-color has-link-color wp-elements-89408fa032d737fc8b811e3f42e3126b\">Consultation du <a href=\"http:\/\/afamassociation.fr\/wp-content\/uploads\/2023\/08\/Programme_VDefPT.pdf\" target=\"_blank\" rel=\"noreferrer noopener\"><strong>programme<\/strong><\/a><br>Retrouvez les actes dans nos <a href=\"https:\/\/afamassociation.fr\/index.php\/memoires\/\" data-type=\"link\" data-id=\"https:\/\/afamassociation.fr\/index.php\/memoires\/\">publications<\/a><\/p>\n\n\n\n<p>Parmi les tr\u00e8s nombreuses th\u00e9matiques \u00e9tudi\u00e9es au cours des 42 journ\u00e9es internationales d\u2019arch\u00e9ologie m\u00e9rovingienne, le mobilier n\u2019a \u00e9tonnamment jamais \u00e9t\u00e9 abord\u00e9 pour lui-m\u00eame. Ces objets constituent pourtant une part essentielle des donn\u00e9es arch\u00e9ologiques qui alimentent nos recherches. Ils sont souvent indispensables pour dater un contexte. Ils sont parfois d\u00e9terminants pour identifier la nature d\u2019un site ou d\u2019une structure. Ils documentent tant\u00f4t le genre tant\u00f4t le rang ou le r\u00f4le de leurs utilisateurs, tant\u00f4t le savoir-faire de leurs producteurs.<\/p>\n\n\n\n<p>Les marges septentrionales des royaumes m\u00e9rovingiens sont des r\u00e9gions privil\u00e9gi\u00e9es pour l\u2019\u00e9tude de ce mobilier. Les tombes y contiennent en effet une quantit\u00e9 d\u2019objets souvent plus importante que dans celles des sites du c\u0153ur et du sud du royaume. Le mobilier y est aussi plus vari\u00e9&nbsp;: ces r\u00e9gions constituent des lieux d\u2019\u00e9changes importants avec d\u2019autres peuples et des zones de passage oblig\u00e9 pour la circulation de certains biens.<\/p>\n\n\n\n<p>Les communications des 43<sup>e<\/sup> Journ\u00e9es seront regroup\u00e9es en trois sections distinctes&nbsp;: objets fabriqu\u00e9s, objets associ\u00e9s, objets exhum\u00e9s.<\/p>\n\n\n\n<ul class=\"wp-block-list\">\n<li><strong><mark style=\"background-color:rgba(0, 0, 0, 0)\" class=\"has-inline-color has-luminous-vivid-orange-color\">Objets fabriqu\u00e9s :<\/mark><\/strong> l\u2019objet est fabriqu\u00e9, utilis\u00e9, r\u00e9par\u00e9, jet\u00e9, perdu ou d\u00e9pos\u00e9 aupr\u00e8s d\u2019un d\u00e9funt. Il nous informe sur les mat\u00e9riaux qui le composent, les artisanats, la circulation (commerce, \u00e9changes) et r\u00e9v\u00e8le des particularismes r\u00e9gionaux. Il rev\u00eat diverses fonctions et significations. Il peut \u00eatre d\u00e9cor\u00e9, transform\u00e9.<\/li>\n<\/ul>\n\n\n\n<ul class=\"wp-block-list\">\n<li><strong><mark style=\"background-color:rgba(0, 0, 0, 0)\" class=\"has-inline-color has-luminous-vivid-orange-color\">Objets associ\u00e9s&nbsp;:<\/mark><\/strong> beaucoup plus qu\u2019un objet isol\u00e9, un assemblage est instructif pour l\u2019arch\u00e9ologue, que ce soit dans des \u00e9tudes typo-chronologiques, contextuelles (fun\u00e9raire <em>vs<\/em> habitat, remplois) ou identitaires (genre, \u00e2ge, m\u00e9tier, ethnicit\u00e9).<\/li>\n<\/ul>\n\n\n\n<ul class=\"wp-block-list\">\n<li><strong><mark style=\"background-color:rgba(0, 0, 0, 0)\" class=\"has-inline-color has-luminous-vivid-orange-color\">Objets exhum\u00e9s&nbsp;:<\/mark><\/strong> d\u00e8s sa d\u00e9couverte, l\u2019objet pose de nombreux probl\u00e8mes de conservation qui conditionnent son \u00e9tude et sa valorisation. La restauration, longue et co\u00fbteuse, pose d\u2019autres questions m\u00e9thodologiques. L\u2019exposition et la mise en d\u00e9p\u00f4t \u00e0 long terme d\u2019objets de natures vari\u00e9es et souvent fragiles ne sont pas sans cons\u00e9quences. La session d\u2019actualit\u00e9s r\u00e9gionales, traditionnelles lors de nos journ\u00e9es, concernera un large domaine g\u00e9ographique&nbsp;: Belgique, Grand-Duch\u00e9 de Luxembourg, sud des Pays-Bas, nord de la France, nord-ouest de l\u2019Allemagne. Le colloque se d\u00e9roulera en salle acad\u00e9mique de l\u2019Universit\u00e9 de Li\u00e8ge, place du XX-ao\u00fbt (centre ville).<\/li>\n<\/ul>\n\n\n\n<p><em>Le comit\u00e9 d\u2019organisation<\/em> : Ga\u00eblle Dumont et Olivier Vrielynck&nbsp;(AWaP), Line van Wersch (ULi\u00e8ge), Laurent Verslype (AFAM \/ UCLouvain)<\/p>\n\n\n\n<h4 class=\"wp-block-heading has-luminous-vivid-orange-color has-text-color\"><br><\/h4>\n","protected":false},"excerpt":{"rendered":"<p>XLIVe Journ\u00e9es internationales d\u2019arch\u00e9ologie m\u00e9rovingienne L\u2019objet m\u00e9rovingien&nbsp;: de sa fabrication \u00e0 sa (re-)d\u00e9couverte Li\u00e8ge (Belgique) \u2013 jeudi 5 au samedi 7 octobre 2023 organis\u00e9es par l\u2019AFAM, l\u2019Agence wallonne du Patrimoine&hellip;<\/p>\n","protected":false},"author":2,"featured_media":1193,"parent":0,"menu_order":0,"comment_status":"closed","ping_status":"closed","template":"","meta":{"footnotes":""},"class_list":["post-1229","page","type-page","status-publish","has-post-thumbnail","hentry"],"jetpack_sharing_enabled":true,"_links":{"self":[{"href":"https:\/\/afamassociation.fr\/index.php\/wp-json\/wp\/v2\/pages\/1229","targetHints":{"allow":["GET"]}}],"collection":[{"href":"https:\/\/afamassociation.fr\/index.php\/wp-json\/wp\/v2\/pages"}],"about":[{"href":"https:\/\/afamassociation.fr\/index.php\/wp-json\/wp\/v2\/types\/page"}],"author":[{"embeddable":true,"href":"https:\/\/afamassociation.fr\/index.php\/wp-json\/wp\/v2\/users\/2"}],"replies":[{"embeddable":true,"href":"https:\/\/afamassociation.fr\/index.php\/wp-json\/wp\/v2\/comments?post=1229"}],"version-history":[{"count":6,"href":"https:\/\/afamassociation.fr\/index.php\/wp-json\/wp\/v2\/pages\/1229\/revisions"}],"predecessor-version":[{"id":1238,"href":"https:\/\/afamassociation.fr\/index.php\/wp-json\/wp\/v2\/pages\/1229\/revisions\/1238"}],"wp:featuredmedia":[{"embeddable":true,"href":"https:\/\/afamassociation.fr\/index.php\/wp-json\/wp\/v2\/media\/1193"}],"wp:attachment":[{"href":"https:\/\/afamassociation.fr\/index.php\/wp-json\/wp\/v2\/media?parent=1229"}],"curies":[{"name":"wp","href":"https:\/\/api.w.org\/{rel}","templated":true}]}}