{"id":30,"date":"2019-07-20T12:50:52","date_gmt":"2019-07-20T12:50:52","guid":{"rendered":"http:\/\/127.0.0.1:10080\/wordpress\/?page_id=30"},"modified":"2019-09-16T08:58:19","modified_gmt":"2019-09-16T06:58:19","slug":"qui-sommes-nous","status":"publish","type":"page","link":"https:\/\/afamassociation.fr\/index.php\/qui-sommes-nous\/","title":{"rendered":"Qui sommes-nous ?"},"content":{"rendered":"\n<p class=\"has-small-font-size\">Fond\u00e9e en 1979, l&rsquo;Association fran\u00e7aise d&rsquo;arch\u00e9ologie m\u00e9rovingienne regroupe plus de 300 membres actifs qui se consacrent \u00e0 l&rsquo;\u00e9tude des vestiges et des probl\u00e9matiques sp\u00e9cifiques \u00e0 la p\u00e9riode m\u00e9rovingienne, sans n\u00e9gliger l&rsquo;inscription de leur p\u00e9riode de pr\u00e9dilection dans la dur\u00e9e, de l&rsquo;Antiquit\u00e9 tardive \u00e0 la p\u00e9riode carolingienne. <\/p>\n\n\n\n<p class=\"has-small-font-size\"><a href=\"http:\/\/afamassociation.fr\/index.php\/histoire\/\">Histoire<\/a><br><a href=\"http:\/\/afamassociation.fr\/index.php\/organisation\/\">Organisation<\/a><br><a href=\"http:\/\/afamassociation.fr\/index.php\/bulletin-dadhesion\/\">Bulletin d&rsquo;adh\u00e9sion<\/a><\/p>\n","protected":false},"excerpt":{"rendered":"<p>Fond\u00e9e en 1979, l&rsquo;Association fran\u00e7aise d&rsquo;arch\u00e9ologie m\u00e9rovingienne regroupe plus de 300 membres actifs qui se consacrent \u00e0 l&rsquo;\u00e9tude des vestiges et des probl\u00e9matiques sp\u00e9cifiques \u00e0 la p\u00e9riode m\u00e9rovingienne, sans n\u00e9gliger&hellip;<\/p>\n","protected":false},"author":2,"featured_media":0,"parent":0,"menu_order":0,"comment_status":"closed","ping_status":"closed","template":"","meta":{"footnotes":""},"class_list":["post-30","page","type-page","status-publish","hentry","no-post-thumbnail"],"jetpack_sharing_enabled":true,"_links":{"self":[{"href":"https:\/\/afamassociation.fr\/index.php\/wp-json\/wp\/v2\/pages\/30","targetHints":{"allow":["GET"]}}],"collection":[{"href":"https:\/\/afamassociation.fr\/index.php\/wp-json\/wp\/v2\/pages"}],"about":[{"href":"https:\/\/afamassociation.fr\/index.php\/wp-json\/wp\/v2\/types\/page"}],"author":[{"embeddable":true,"href":"https:\/\/afamassociation.fr\/index.php\/wp-json\/wp\/v2\/users\/2"}],"replies":[{"embeddable":true,"href":"https:\/\/afamassociation.fr\/index.php\/wp-json\/wp\/v2\/comments?post=30"}],"version-history":[{"count":2,"href":"https:\/\/afamassociation.fr\/index.php\/wp-json\/wp\/v2\/pages\/30\/revisions"}],"predecessor-version":[{"id":430,"href":"https:\/\/afamassociation.fr\/index.php\/wp-json\/wp\/v2\/pages\/30\/revisions\/430"}],"wp:attachment":[{"href":"https:\/\/afamassociation.fr\/index.php\/wp-json\/wp\/v2\/media?parent=30"}],"curies":[{"name":"wp","href":"https:\/\/api.w.org\/{rel}","templated":true}]}}

<p class="has-small-font-size">Fondée en 1979, l&rsquo;Association française d&rsquo;archéologie mérovingienne regroupe plus de 300 membres actifs qui se consacrent à l&rsquo;étude des vestiges et des problématiques spécifiques à la période mérovingienne, sans négliger l&rsquo;inscription de leur période de prédilection dans la durée, de l&rsquo;Antiquité tardive à la période carolingienne. </p>



<p class="has-small-font-size"><a href="http://afamassociation.fr/index.php/histoire/">Histoire</a><br><a href="http://afamassociation.fr/index.php/organisation/">Organisation</a><br><a href="http://afamassociation.fr/index.php/bulletin-dadhesion/">Bulletin d&rsquo;adhésion</a></p>

<p>Fondée en 1979, l&rsquo;Association française d&rsquo;archéologie mérovingienne regroupe plus de 300 membres actifs qui se consacrent à l&rsquo;étude des vestiges et des problématiques spécifiques à la période mérovingienne, sans négliger&hellip;</p>
