{"id":32,"date":"2019-07-20T12:51:15","date_gmt":"2019-07-20T12:51:15","guid":{"rendered":"http:\/\/127.0.0.1:10080\/wordpress\/?page_id=32"},"modified":"2021-04-20T14:03:40","modified_gmt":"2021-04-20T12:03:40","slug":"histoire","status":"publish","type":"page","link":"https:\/\/afamassociation.fr\/index.php\/histoire\/","title":{"rendered":"Histoire"},"content":{"rendered":"\n<p class=\"has-small-font-size\">L&rsquo;id\u00e9e de cr\u00e9er une Association fran\u00e7aise d&rsquo;arch\u00e9ologie m\u00e9rovingienne est n\u00e9e au Mus\u00e9e Carnavalet en 1979, autour d&rsquo;un pot&#8230; vesp\u00e9ral. Elle fut fond\u00e9e la m\u00eame ann\u00e9e, \u00e0 l&rsquo;initiative de Jos\u00e9 Ajot et d&rsquo;\u00e9tudiants du cours de Technique de fouille et arch\u00e9ologie m\u00e9rovingienne dispens\u00e9 par Patrick P\u00e9rin \u00e0 la IVe Section de l&rsquo;Ecole pratique des hautes \u00e9tudes. L&rsquo;Association fran\u00e7aise d&rsquo;arch\u00e9ologie m\u00e9rovingienne regroupe plus de 300 membres actifs. Chaque ann\u00e9e, elle organise les Journ\u00e9es internationales d&rsquo;arch\u00e9ologie m\u00e9rovingienne autour d\u2019un th\u00e8me g\u00e9n\u00e9ral et d\u2019un th\u00e8me r\u00e9gional. Le&nbsp;<em><a href=\"http:\/\/afamassociation.fr\/index.php\/bulletins\/\">Bulletin de liaison de l\u2019A.F.A.M<\/a><\/em> condense les r\u00e9sum\u00e9s de ces interventions&nbsp;; les&nbsp;<em><a href=\"http:\/\/afamassociation.fr\/index.php\/memoires\/\">Actes<\/a><\/em>&nbsp;en sont r\u00e9guli\u00e8rement publi\u00e9s.<br><br>En 2014, l\u2019AFAM marque un nouveau tournant important avec un renouvellement de ses statuts comprenant notamment la mise en place d\u2019une double pr\u00e9sidence et l&rsquo;\u00e9largissement du Conseil d&rsquo;administration.<br><br>C&rsquo;est \u00e0 Gilbert-Robert Delahaye que nous sommes redevables pour avoir patiemment collect\u00e9 les documents n\u00e9cessaires \u00e0 la r\u00e9daction de l&rsquo;histoire de cette Association d\u00e9sormais quadrag\u00e9naire. <\/p>\n\n\n\n<p class=\"has-small-font-size\">Pour en savoir plus :\u00a0<a rel=\"noreferrer noopener\" aria-label=\"1979-1989 (s\u2019ouvre dans un nouvel onglet)\" href=\"http:\/\/afamassociation.fr\/wp-content\/uploads\/2019\/09\/Historique-AFAM.pdf\" target=\"_blank\">1979-1989<\/a>\u00a0<br>\u00a0 \u00a0 \u00a0 \u00a0 \u00a0\u00a0 \u00a0 \u00a0 \u00a0\u00a0\u00a0 \u00a0 \u00a0 \u00a0 \u00a0 \u00a0    \u00a0 \u00a0 \u00a0 \u00a0                <a href=\"http:\/\/afamassociation.fr\/wp-content\/uploads\/2021\/04\/AFAM40ANS-1.pdf\" target=\"_blank\" rel=\"noreferrer noopener\">1989-2014<\/a><br><br>Liste des pr\u00e9sidents :<\/p>\n\n\n\n<figure class=\"wp-block-gallery aligncenter columns-3 is-cropped wp-block-gallery-1 is-layout-flex wp-block-gallery-is-layout-flex\"><ul class=\"blocks-gallery-grid\"><li class=\"blocks-gallery-item\"><figure><img loading=\"lazy\" decoding=\"async\" width=\"290\" height=\"287\" src=\"http:\/\/afamassociation.fr\/wp-content\/uploads\/2019\/09\/Fleury_100-1.jpg\" alt=\"\" data-id=\"424\" data-link=\"http:\/\/afamassociation.fr\/index.php\/histoire\/fleury_100-2\/\" class=\"wp-image-424\"\/><figcaption class=\"blocks-gallery-item__caption\"> <br>Michel Fleury &#8211; 1979-1981 <\/figcaption><\/figure><\/li><li class=\"blocks-gallery-item\"><figure><img loading=\"lazy\" decoding=\"async\" width=\"293\" height=\"433\" src=\"http:\/\/afamassociation.fr\/wp-content\/uploads\/2019\/09\/GRDelahaye_100-1.jpg\" alt=\"\" data-id=\"425\" data-link=\"http:\/\/afamassociation.fr\/index.php\/histoire\/grdelahaye_100-2\/\" class=\"wp-image-425\" srcset=\"https:\/\/afamassociation.fr\/wp-content\/uploads\/2019\/09\/GRDelahaye_100-1.jpg 293w, https:\/\/afamassociation.fr\/wp-content\/uploads\/2019\/09\/GRDelahaye_100-1-203x300.jpg 203w\" sizes=\"auto, (max-width: 293px) 100vw, 293px\" \/><figcaption class=\"blocks-gallery-item__caption\"> <br>Gilbert Delahaye &#8211; 1981-1982 <\/figcaption><\/figure><\/li><li class=\"blocks-gallery-item\"><figure><img loading=\"lazy\" decoding=\"async\" width=\"354\" height=\"354\" src=\"http:\/\/afamassociation.fr\/wp-content\/uploads\/2019\/09\/Patrick_2-2.jpg\" alt=\"\" data-id=\"426\" data-link=\"http:\/\/afamassociation.fr\/index.php\/histoire\/olympus-digital-camera-3\/\" class=\"wp-image-426\" srcset=\"https:\/\/afamassociation.fr\/wp-content\/uploads\/2019\/09\/Patrick_2-2.jpg 354w, https:\/\/afamassociation.fr\/wp-content\/uploads\/2019\/09\/Patrick_2-2-150x150.jpg 150w, https:\/\/afamassociation.fr\/wp-content\/uploads\/2019\/09\/Patrick_2-2-300x300.jpg 300w\" sizes=\"auto, (max-width: 354px) 100vw, 354px\" \/><figcaption class=\"blocks-gallery-item__caption\"> <br>Patrick P\u00e9rin &#8211; 1982-2014 <\/figcaption><\/figure><\/li><li class=\"blocks-gallery-item\"><figure><img loading=\"lazy\" decoding=\"async\" width=\"1024\" height=\"702\" src=\"http:\/\/afamassociation.fr\/wp-content\/uploads\/2021\/04\/20191004_184552-1024x702.jpg\" alt=\"\" data-id=\"651\" data-full-url=\"http:\/\/afamassociation.fr\/wp-content\/uploads\/2021\/04\/20191004_184552.jpg\" data-link=\"http:\/\/afamassociation.fr\/20191004_184552\/\" class=\"wp-image-651\" srcset=\"https:\/\/afamassociation.fr\/wp-content\/uploads\/2021\/04\/20191004_184552-1024x702.jpg 1024w, https:\/\/afamassociation.fr\/wp-content\/uploads\/2021\/04\/20191004_184552-300x206.jpg 300w, https:\/\/afamassociation.fr\/wp-content\/uploads\/2021\/04\/20191004_184552-768x527.jpg 768w, https:\/\/afamassociation.fr\/wp-content\/uploads\/2021\/04\/20191004_184552.jpg 1092w\" sizes=\"auto, (max-width: 1024px) 100vw, 1024px\" \/><figcaption class=\"blocks-gallery-item__caption\"> <br>Laurent Verslype et Edith Peytremann<br>2014-&#8230; <\/figcaption><\/figure><\/li><\/ul><\/figure>\n","protected":false},"excerpt":{"rendered":"<p>L&rsquo;id\u00e9e de cr\u00e9er une Association fran\u00e7aise d&rsquo;arch\u00e9ologie m\u00e9rovingienne est n\u00e9e au Mus\u00e9e Carnavalet en 1979, autour d&rsquo;un pot&#8230; vesp\u00e9ral. Elle fut fond\u00e9e la m\u00eame ann\u00e9e, \u00e0 l&rsquo;initiative de Jos\u00e9 Ajot&hellip;<\/p>\n","protected":false},"author":2,"featured_media":0,"parent":0,"menu_order":0,"comment_status":"closed","ping_status":"closed","template":"","meta":{"footnotes":""},"class_list":["post-32","page","type-page","status-publish","hentry","no-post-thumbnail"],"jetpack_sharing_enabled":true,"_links":{"self":[{"href":"https:\/\/afamassociation.fr\/index.php\/wp-json\/wp\/v2\/pages\/32","targetHints":{"allow":["GET"]}}],"collection":[{"href":"https:\/\/afamassociation.fr\/index.php\/wp-json\/wp\/v2\/pages"}],"about":[{"href":"https:\/\/afamassociation.fr\/index.php\/wp-json\/wp\/v2\/types\/page"}],"author":[{"embeddable":true,"href":"https:\/\/afamassociation.fr\/index.php\/wp-json\/wp\/v2\/users\/2"}],"replies":[{"embeddable":true,"href":"https:\/\/afamassociation.fr\/index.php\/wp-json\/wp\/v2\/comments?post=32"}],"version-history":[{"count":23,"href":"https:\/\/afamassociation.fr\/index.php\/wp-json\/wp\/v2\/pages\/32\/revisions"}],"predecessor-version":[{"id":657,"href":"https:\/\/afamassociation.fr\/index.php\/wp-json\/wp\/v2\/pages\/32\/revisions\/657"}],"wp:attachment":[{"href":"https:\/\/afamassociation.fr\/index.php\/wp-json\/wp\/v2\/media?parent=32"}],"curies":[{"name":"wp","href":"https:\/\/api.w.org\/{rel}","templated":true}]}}