{"id":36,"date":"2019-07-20T12:52:02","date_gmt":"2019-07-20T12:52:02","guid":{"rendered":"http:\/\/127.0.0.1:10080\/wordpress\/?page_id=36"},"modified":"2024-01-15T09:06:56","modified_gmt":"2024-01-15T08:06:56","slug":"bulletin-dadhesion","status":"publish","type":"page","link":"https:\/\/afamassociation.fr\/index.php\/bulletin-dadhesion\/","title":{"rendered":"Bulletin d&rsquo;adh\u00e9sion"},"content":{"rendered":"\n<h2 class=\"wp-block-heading\">Pour adh\u00e9rer \u00e0 l&rsquo;AFAM, compl\u00e9ter et renvoyer le\u00a0<a href=\"http:\/\/afamassociation.fr\/wp-content\/uploads\/2024\/01\/AFAM_Bull_Adhesion.pdf\" target=\"_blank\" rel=\"noreferrer noopener\">formulaire d&rsquo;adh\u00e9sion<\/a>.<\/h2>\n\n\n\n<p>Cette adh\u00e9sion donne droit \u00e0 l\u2019envoi de circulaires d\u2019information sur ses activit\u00e9s (notamment les Journ\u00e9es m\u00e9rovingiennes), au service du Bulletin de Liaison (\u00e9dit\u00e9 annuellement \u00e0 l\u2019occasion des Journ\u00e9es) ainsi qu\u2019\u00e0 des r\u00e9ductions sur ses publications.<\/p>\n","protected":false},"excerpt":{"rendered":"<p>Pour adh\u00e9rer \u00e0 l&rsquo;AFAM, compl\u00e9ter et renvoyer le\u00a0formulaire d&rsquo;adh\u00e9sion. Cette adh\u00e9sion donne droit \u00e0 l\u2019envoi de circulaires d\u2019information sur ses activit\u00e9s (notamment les Journ\u00e9es m\u00e9rovingiennes), au service du Bulletin de&hellip;<\/p>\n","protected":false},"author":2,"featured_media":0,"parent":0,"menu_order":0,"comment_status":"closed","ping_status":"closed","template":"","meta":{"footnotes":""},"class_list":["post-36","page","type-page","status-publish","hentry","no-post-thumbnail"],"jetpack_sharing_enabled":true,"_links":{"self":[{"href":"https:\/\/afamassociation.fr\/index.php\/wp-json\/wp\/v2\/pages\/36","targetHints":{"allow":["GET"]}}],"collection":[{"href":"https:\/\/afamassociation.fr\/index.php\/wp-json\/wp\/v2\/pages"}],"about":[{"href":"https:\/\/afamassociation.fr\/index.php\/wp-json\/wp\/v2\/types\/page"}],"author":[{"embeddable":true,"href":"https:\/\/afamassociation.fr\/index.php\/wp-json\/wp\/v2\/users\/2"}],"replies":[{"embeddable":true,"href":"https:\/\/afamassociation.fr\/index.php\/wp-json\/wp\/v2\/comments?post=36"}],"version-history":[{"count":2,"href":"https:\/\/afamassociation.fr\/index.php\/wp-json\/wp\/v2\/pages\/36\/revisions"}],"predecessor-version":[{"id":976,"href":"https:\/\/afamassociation.fr\/index.php\/wp-json\/wp\/v2\/pages\/36\/revisions\/976"}],"wp:attachment":[{"href":"https:\/\/afamassociation.fr\/index.php\/wp-json\/wp\/v2\/media?parent=36"}],"curies":[{"name":"wp","href":"https:\/\/api.w.org\/{rel}","templated":true}]}}