{"id":50,"date":"2019-07-20T12:55:02","date_gmt":"2019-07-20T12:55:02","guid":{"rendered":"http:\/\/127.0.0.1:10080\/wordpress\/?page_id=50"},"modified":"2019-09-15T21:32:35","modified_gmt":"2019-09-15T19:32:35","slug":"bibliographies","status":"publish","type":"page","link":"https:\/\/afamassociation.fr\/index.php\/bibliographies\/","title":{"rendered":"Bibliographies"},"content":{"rendered":"\n<p><br>Ces riches bibliographies th\u00e9matiques arr\u00eat\u00e9es compl\u00e8tent parfaitement les&nbsp;<em>Literaturberichten<\/em>&nbsp;courantes d\u2019Hermann Ament,&nbsp;<em>Arch\u00e4ologie des Merowingerreiches<\/em>, publi\u00e9s dans les&nbsp;<em>Berichten Der R\u00f6misch-germanischen Kommission<\/em>, de 1971 \u00e0 1979.&nbsp;<\/p>\n\n\n\n<table class=\"wp-block-table\"><tbody><tr><td>Michel Kazanski,&nbsp;<em>Bibliographie m\u00e9rovingienne.&nbsp;<\/em>I. 1980-1988, Saint-Germain-en-Laye, s.d. [1990] (fascicule multigraphi\u00e9 de 71 p. et&nbsp; 740 r\u00e9f\u00e9rences class\u00e9es th\u00e9matiquement).<\/td><td>\u00c9puis\u00e9, bient\u00f4t en ligne ici.<\/td><\/tr><tr><td>Michel Kazanski,&nbsp;<em>Bibliographie m\u00e9rovingienne.<\/em>&nbsp;II. 1980-1996, Saint-Germain-en-Laye, s.d. [1990] (fascicule multigraphi\u00e9 de 82 p. et 1003 nouvelles r\u00e9f\u00e9rences class\u00e9es th\u00e9matiquement).&nbsp;<\/td><td>20 \u20ac + port et emballage.<\/td><\/tr><\/tbody><\/table>\n\n\n\n<p><br><a href=\"http:\/\/afamassociation.fr\/index.php\/bon-de-commande\/\">Bon de commande<\/a><\/p>\n","protected":false},"excerpt":{"rendered":"<p>Ces riches bibliographies th\u00e9matiques arr\u00eat\u00e9es compl\u00e8tent parfaitement les&nbsp;Literaturberichten&nbsp;courantes d\u2019Hermann Ament,&nbsp;Arch\u00e4ologie des Merowingerreiches, publi\u00e9s dans les&nbsp;Berichten Der R\u00f6misch-germanischen Kommission, de 1971 \u00e0 1979.&nbsp; Michel Kazanski,&nbsp;Bibliographie m\u00e9rovingienne.&nbsp;I. 1980-1988, Saint-Germain-en-Laye, s.d. [1990] (fascicule&hellip;<\/p>\n","protected":false},"author":2,"featured_media":0,"parent":0,"menu_order":0,"comment_status":"closed","ping_status":"closed","template":"","meta":{"footnotes":""},"class_list":["post-50","page","type-page","status-publish","hentry","no-post-thumbnail"],"jetpack_sharing_enabled":true,"_links":{"self":[{"href":"https:\/\/afamassociation.fr\/index.php\/wp-json\/wp\/v2\/pages\/50","targetHints":{"allow":["GET"]}}],"collection":[{"href":"https:\/\/afamassociation.fr\/index.php\/wp-json\/wp\/v2\/pages"}],"about":[{"href":"https:\/\/afamassociation.fr\/index.php\/wp-json\/wp\/v2\/types\/page"}],"author":[{"embeddable":true,"href":"https:\/\/afamassociation.fr\/index.php\/wp-json\/wp\/v2\/users\/2"}],"replies":[{"embeddable":true,"href":"https:\/\/afamassociation.fr\/index.php\/wp-json\/wp\/v2\/comments?post=50"}],"version-history":[{"count":2,"href":"https:\/\/afamassociation.fr\/index.php\/wp-json\/wp\/v2\/pages\/50\/revisions"}],"predecessor-version":[{"id":413,"href":"https:\/\/afamassociation.fr\/index.php\/wp-json\/wp\/v2\/pages\/50\/revisions\/413"}],"wp:attachment":[{"href":"https:\/\/afamassociation.fr\/index.php\/wp-json\/wp\/v2\/media?parent=50"}],"curies":[{"name":"wp","href":"https:\/\/api.w.org\/{rel}","templated":true}]}}